{"id":2,"date":"2022-02-28T10:50:25","date_gmt":"2022-02-28T09:50:25","guid":{"rendered":"http:\/\/artistepeintre.eu\/?page_id=2"},"modified":"2022-03-14T21:00:28","modified_gmt":"2022-03-14T20:00:28","slug":"page-d-exemple","status":"publish","type":"page","link":"https:\/\/artistepeintre.eu\/","title":{"rendered":"Accueil"},"content":{"rendered":"\t\t<div data-elementor-type=\"wp-page\" data-elementor-id=\"2\" class=\"elementor elementor-2\">\n\t\t\t\t\t\t\t\t\t<section class=\"elementor-section elementor-top-section elementor-element elementor-element-c78b756 elementor-section-boxed elementor-section-height-default elementor-section-height-default\" data-id=\"c78b756\" data-element_type=\"section\">\n\t\t\t\t\t\t<div class=\"elementor-container elementor-column-gap-default\">\n\t\t\t\t\t<div class=\"elementor-column elementor-col-100 elementor-top-column elementor-element elementor-element-fa8494a\" data-id=\"fa8494a\" data-element_type=\"column\">\n\t\t\t<div class=\"elementor-widget-wrap elementor-element-populated\">\n\t\t\t\t\t\t\t\t<div class=\"elementor-element elementor-element-00fdd0a elementor-widget-divider--view-line elementor-widget elementor-widget-divider\" data-id=\"00fdd0a\" data-element_type=\"widget\" data-widget_type=\"divider.default\">\n\t\t\t\t<div class=\"elementor-widget-container\">\n\t\t\t<style>\/*! elementor - v3.6.5 - 27-04-2022 *\/\n.elementor-widget-divider{--divider-border-style:none;--divider-border-width:1px;--divider-color:#2c2c2c;--divider-icon-size:20px;--divider-element-spacing:10px;--divider-pattern-height:24px;--divider-pattern-size:20px;--divider-pattern-url:none;--divider-pattern-repeat:repeat-x}.elementor-widget-divider .elementor-divider{display:-webkit-box;display:-ms-flexbox;display:flex}.elementor-widget-divider .elementor-divider__text{font-size:15px;line-height:1;max-width:95%}.elementor-widget-divider .elementor-divider__element{margin:0 var(--divider-element-spacing);-ms-flex-negative:0;flex-shrink:0}.elementor-widget-divider .elementor-icon{font-size:var(--divider-icon-size)}.elementor-widget-divider .elementor-divider-separator{display:-webkit-box;display:-ms-flexbox;display:flex;margin:0;direction:ltr}.elementor-widget-divider--view-line_icon .elementor-divider-separator,.elementor-widget-divider--view-line_text .elementor-divider-separator{-webkit-box-align:center;-ms-flex-align:center;align-items:center}.elementor-widget-divider--view-line_icon .elementor-divider-separator:after,.elementor-widget-divider--view-line_icon .elementor-divider-separator:before,.elementor-widget-divider--view-line_text .elementor-divider-separator:after,.elementor-widget-divider--view-line_text .elementor-divider-separator:before{display:block;content:\"\";border-bottom:0;-webkit-box-flex:1;-ms-flex-positive:1;flex-grow:1;border-top:var(--divider-border-width) var(--divider-border-style) var(--divider-color)}.elementor-widget-divider--element-align-left .elementor-divider .elementor-divider-separator>.elementor-divider__svg:first-of-type{-webkit-box-flex:0;-ms-flex-positive:0;flex-grow:0;-ms-flex-negative:100;flex-shrink:100}.elementor-widget-divider--element-align-left .elementor-divider-separator:before{content:none}.elementor-widget-divider--element-align-left .elementor-divider__element{margin-left:0}.elementor-widget-divider--element-align-right .elementor-divider .elementor-divider-separator>.elementor-divider__svg:last-of-type{-webkit-box-flex:0;-ms-flex-positive:0;flex-grow:0;-ms-flex-negative:100;flex-shrink:100}.elementor-widget-divider--element-align-right .elementor-divider-separator:after{content:none}.elementor-widget-divider--element-align-right .elementor-divider__element{margin-right:0}.elementor-widget-divider:not(.elementor-widget-divider--view-line_text):not(.elementor-widget-divider--view-line_icon) .elementor-divider-separator{border-top:var(--divider-border-width) var(--divider-border-style) var(--divider-color)}.elementor-widget-divider--separator-type-pattern{--divider-border-style:none}.elementor-widget-divider--separator-type-pattern.elementor-widget-divider--view-line .elementor-divider-separator,.elementor-widget-divider--separator-type-pattern:not(.elementor-widget-divider--view-line) .elementor-divider-separator:after,.elementor-widget-divider--separator-type-pattern:not(.elementor-widget-divider--view-line) .elementor-divider-separator:before,.elementor-widget-divider--separator-type-pattern:not([class*=elementor-widget-divider--view]) .elementor-divider-separator{width:100%;min-height:var(--divider-pattern-height);-webkit-mask-size:var(--divider-pattern-size) 100%;mask-size:var(--divider-pattern-size) 100%;-webkit-mask-repeat:var(--divider-pattern-repeat);mask-repeat:var(--divider-pattern-repeat);background-color:var(--divider-color);-webkit-mask-image:var(--divider-pattern-url);mask-image:var(--divider-pattern-url)}.elementor-widget-divider--no-spacing{--divider-pattern-size:auto}.elementor-widget-divider--bg-round{--divider-pattern-repeat:round}.rtl .elementor-widget-divider .elementor-divider__text{direction:rtl}<\/style>\t\t<div class=\"elementor-divider\">\n\t\t\t<span class=\"elementor-divider-separator\">\n\t\t\t\t\t\t<\/span>\n\t\t<\/div>\n\t\t\t\t<\/div>\n\t\t\t\t<\/div>\n\t\t\t\t<section class=\"elementor-section elementor-inner-section elementor-element elementor-element-64de549 elementor-section-boxed elementor-section-height-default elementor-section-height-default\" data-id=\"64de549\" data-element_type=\"section\">\n\t\t\t\t\t\t<div class=\"elementor-container elementor-column-gap-default\">\n\t\t\t\t\t<div class=\"elementor-column elementor-col-50 elementor-inner-column elementor-element elementor-element-e0f4940\" data-id=\"e0f4940\" data-element_type=\"column\">\n\t\t\t<div class=\"elementor-widget-wrap elementor-element-populated\">\n\t\t\t\t\t\t\t\t<div class=\"elementor-element elementor-element-e7a20a5 elementor-widget elementor-widget-image\" data-id=\"e7a20a5\" data-element_type=\"widget\" data-widget_type=\"image.default\">\n\t\t\t\t<div class=\"elementor-widget-container\">\n\t\t\t<style>\/*! elementor - v3.6.5 - 27-04-2022 *\/\n.elementor-widget-image{text-align:center}.elementor-widget-image a{display:inline-block}.elementor-widget-image a img[src$=\".svg\"]{width:48px}.elementor-widget-image img{vertical-align:middle;display:inline-block}<\/style>\t\t\t\t\t\t\t\t\t\t\t\t<img loading=\"lazy\" decoding=\"async\" width=\"768\" height=\"1024\" src=\"https:\/\/artistepeintre.eu\/wp-content\/uploads\/2022\/03\/20200430_104543-768x1024.jpg\" class=\"attachment-large size-large\" alt=\"\" srcset=\"https:\/\/artistepeintre.eu\/wp-content\/uploads\/2022\/03\/20200430_104543-768x1024.jpg 768w, https:\/\/artistepeintre.eu\/wp-content\/uploads\/2022\/03\/20200430_104543-225x300.jpg 225w, https:\/\/artistepeintre.eu\/wp-content\/uploads\/2022\/03\/20200430_104543-1152x1536.jpg 1152w, https:\/\/artistepeintre.eu\/wp-content\/uploads\/2022\/03\/20200430_104543-1536x2048.jpg 1536w, https:\/\/artistepeintre.eu\/wp-content\/uploads\/2022\/03\/20200430_104543-scaled.jpg 1920w\" sizes=\"auto, (max-width: 768px) 100vw, 768px\" \/>\t\t\t\t\t\t\t\t\t\t\t\t\t\t\t<\/div>\n\t\t\t\t<\/div>\n\t\t\t\t\t<\/div>\n\t\t<\/div>\n\t\t\t\t<div class=\"elementor-column elementor-col-50 elementor-inner-column elementor-element elementor-element-af4216e\" data-id=\"af4216e\" data-element_type=\"column\">\n\t\t\t<div class=\"elementor-widget-wrap elementor-element-populated\">\n\t\t\t\t\t\t\t\t<div class=\"elementor-element elementor-element-72017a7 elementor-widget elementor-widget-text-editor\" data-id=\"72017a7\" data-element_type=\"widget\" data-widget_type=\"text-editor.default\">\n\t\t\t\t<div class=\"elementor-widget-container\">\n\t\t\t<style>\/*! elementor - v3.6.5 - 27-04-2022 *\/\n.elementor-widget-text-editor.elementor-drop-cap-view-stacked .elementor-drop-cap{background-color:#818a91;color:#fff}.elementor-widget-text-editor.elementor-drop-cap-view-framed .elementor-drop-cap{color:#818a91;border:3px solid;background-color:transparent}.elementor-widget-text-editor:not(.elementor-drop-cap-view-default) .elementor-drop-cap{margin-top:8px}.elementor-widget-text-editor:not(.elementor-drop-cap-view-default) .elementor-drop-cap-letter{width:1em;height:1em}.elementor-widget-text-editor .elementor-drop-cap{float:left;text-align:center;line-height:1;font-size:50px}.elementor-widget-text-editor .elementor-drop-cap-letter{display:inline-block}<\/style>\t\t\t\t<h2>Sam Salahi\u00e9 est n\u00e9 \u00e0 Berne en Suisse.<\/h2><h5>Autodidacte, l&rsquo;artiste vit et travail \u00e0 Mollkirch en Alsace.<\/h5><h5>Son style personnel est tr\u00e8s t\u00f4t influenc\u00e9 par l&rsquo;oeuvre de Van Gogh.<\/h5><h5>Rapidement, la technique au couteau s&rsquo;impose.<\/h5><h5>Mani\u00e9 avec aisance, elle rel\u00e8ve un travail au temp\u00e9rament explosif.<\/h5><h5>L&rsquo;\u00e9paisseur et la puissance de la touche invite le spectateur \u00e0 entrer dans l&rsquo;espace du tableau.<\/h5><h5>L&rsquo;approche pictural de Sam est quasi \u00ab\u00a0sculptural\u00a0\u00bb.<\/h5><h5>Elle nous emm\u00e8ne dans un univers tout en force et haut en couleurs.<\/h5><h5>Consacr\u00e9 uniquement \u00e0 la peinture \u00e0 l&rsquo;huile, l&rsquo;\u00e9clectisme des sujets trait\u00e9s laisse l&rsquo;artiste totalement libre de ses inspirations.<\/h5><h5>Lionel Breistroff<\/h5>\t\t\t\t\t\t<\/div>\n\t\t\t\t<\/div>\n\t\t\t\t\t<\/div>\n\t\t<\/div>\n\t\t\t\t\t\t\t<\/div>\n\t\t<\/section>\n\t\t\t\t\t<\/div>\n\t\t<\/div>\n\t\t\t\t\t\t\t<\/div>\n\t\t<\/section>\n\t\t\t\t<section class=\"elementor-section elementor-top-section elementor-element elementor-element-1756e37 elementor-section-boxed elementor-section-height-default elementor-section-height-default\" data-id=\"1756e37\" data-element_type=\"section\">\n\t\t\t\t\t\t<div class=\"elementor-container elementor-column-gap-default\">\n\t\t\t\t\t<div class=\"elementor-column elementor-col-66 elementor-top-column elementor-element elementor-element-72ed47d\" data-id=\"72ed47d\" data-element_type=\"column\">\n\t\t\t<div class=\"elementor-widget-wrap elementor-element-populated\">\n\t\t\t\t\t\t\t\t<div class=\"elementor-element elementor-element-73f6513 elementor-widget elementor-widget-text-editor\" data-id=\"73f6513\" data-element_type=\"widget\" data-widget_type=\"text-editor.default\">\n\t\t\t\t<div class=\"elementor-widget-container\">\n\t\t\t\t\t\t\t<p><strong>L&rsquo;atelier\u00a0 de Sam est en pleine nature \u00e0 Laubenheim, commune de Mollkirch en Alsace. \u00a0 \u00a0 \u00a0 \u00a0 \u00a0 \u00a0 \u00a0 \u00a0 \u00a0 L&rsquo;artiste a construit son lieu de travail, pendant une ann\u00e9e, seul et uniquement avec des mat\u00e9riaux\u00a0 de r\u00e9cup\u00e9ration, en rondin de bois qu&rsquo;il a coup\u00e9 dans sa for\u00eat et en torchis (argile et de la paille).<\/strong><\/p>\t\t\t\t\t\t<\/div>\n\t\t\t\t<\/div>\n\t\t\t\t\t<\/div>\n\t\t<\/div>\n\t\t\t\t<div class=\"elementor-column elementor-col-33 elementor-top-column elementor-element elementor-element-967a5de\" data-id=\"967a5de\" data-element_type=\"column\">\n\t\t\t<div class=\"elementor-widget-wrap elementor-element-populated\">\n\t\t\t\t\t\t\t\t<div class=\"elementor-element elementor-element-976b7a0 elementor-widget elementor-widget-image\" data-id=\"976b7a0\" data-element_type=\"widget\" data-widget_type=\"image.default\">\n\t\t\t\t<div class=\"elementor-widget-container\">\n\t\t\t\t\t\t\t\t\t\t\t\t\t\t\t<img loading=\"lazy\" decoding=\"async\" width=\"800\" height=\"600\" src=\"https:\/\/artistepeintre.eu\/wp-content\/uploads\/2022\/03\/IMG_14711-1024x768.jpg\" class=\"attachment-large size-large\" alt=\"\" srcset=\"https:\/\/artistepeintre.eu\/wp-content\/uploads\/2022\/03\/IMG_14711-1024x768.jpg 1024w, https:\/\/artistepeintre.eu\/wp-content\/uploads\/2022\/03\/IMG_14711-300x225.jpg 300w, https:\/\/artistepeintre.eu\/wp-content\/uploads\/2022\/03\/IMG_14711-768x576.jpg 768w, https:\/\/artistepeintre.eu\/wp-content\/uploads\/2022\/03\/IMG_14711-1536x1152.jpg 1536w, https:\/\/artistepeintre.eu\/wp-content\/uploads\/2022\/03\/IMG_14711-2048x1536.jpg 2048w\" sizes=\"auto, (max-width: 800px) 100vw, 800px\" \/>\t\t\t\t\t\t\t\t\t\t\t\t\t\t\t<\/div>\n\t\t\t\t<\/div>\n\t\t\t\t\t<\/div>\n\t\t<\/div>\n\t\t\t\t\t\t\t<\/div>\n\t\t<\/section>\n\t\t\t\t<section class=\"elementor-section elementor-top-section elementor-element elementor-element-1cc4c7e elementor-section-boxed elementor-section-height-default elementor-section-height-default\" data-id=\"1cc4c7e\" data-element_type=\"section\">\n\t\t\t\t\t\t<div class=\"elementor-container elementor-column-gap-default\">\n\t\t\t\t\t<div class=\"elementor-column elementor-col-100 elementor-top-column elementor-element elementor-element-1c32e63\" data-id=\"1c32e63\" data-element_type=\"column\">\n\t\t\t<div class=\"elementor-widget-wrap\">\n\t\t\t\t\t\t\t\t\t<\/div>\n\t\t<\/div>\n\t\t\t\t\t\t\t<\/div>\n\t\t<\/section>\n\t\t\t\t<section class=\"elementor-section elementor-top-section elementor-element elementor-element-6de6830 elementor-section-boxed elementor-section-height-default elementor-section-height-default\" data-id=\"6de6830\" data-element_type=\"section\">\n\t\t\t\t\t\t<div class=\"elementor-container elementor-column-gap-default\">\n\t\t\t\t\t<div class=\"elementor-column elementor-col-50 elementor-top-column elementor-element elementor-element-33a8231\" data-id=\"33a8231\" data-element_type=\"column\">\n\t\t\t<div class=\"elementor-widget-wrap elementor-element-populated\">\n\t\t\t\t\t\t\t\t<div class=\"elementor-element elementor-element-b543d82 elementor-widget elementor-widget-image\" data-id=\"b543d82\" data-element_type=\"widget\" data-widget_type=\"image.default\">\n\t\t\t\t<div class=\"elementor-widget-container\">\n\t\t\t\t\t\t\t\t\t\t\t\t\t\t\t<img loading=\"lazy\" decoding=\"async\" width=\"800\" height=\"600\" src=\"https:\/\/artistepeintre.eu\/wp-content\/uploads\/2022\/03\/IMG_1428-1024x768.jpg\" class=\"attachment-large size-large\" alt=\"\" srcset=\"https:\/\/artistepeintre.eu\/wp-content\/uploads\/2022\/03\/IMG_1428-1024x768.jpg 1024w, https:\/\/artistepeintre.eu\/wp-content\/uploads\/2022\/03\/IMG_1428-300x225.jpg 300w, https:\/\/artistepeintre.eu\/wp-content\/uploads\/2022\/03\/IMG_1428-768x576.jpg 768w, https:\/\/artistepeintre.eu\/wp-content\/uploads\/2022\/03\/IMG_1428-1536x1152.jpg 1536w, https:\/\/artistepeintre.eu\/wp-content\/uploads\/2022\/03\/IMG_1428-2048x1536.jpg 2048w\" sizes=\"auto, (max-width: 800px) 100vw, 800px\" \/>\t\t\t\t\t\t\t\t\t\t\t\t\t\t\t<\/div>\n\t\t\t\t<\/div>\n\t\t\t\t\t<\/div>\n\t\t<\/div>\n\t\t\t\t<div class=\"elementor-column elementor-col-50 elementor-top-column elementor-element elementor-element-4b52e22\" data-id=\"4b52e22\" data-element_type=\"column\">\n\t\t\t<div class=\"elementor-widget-wrap elementor-element-populated\">\n\t\t\t\t\t\t\t\t<div class=\"elementor-element elementor-element-bbe54bf elementor-widget elementor-widget-text-editor\" data-id=\"bbe54bf\" data-element_type=\"widget\" data-widget_type=\"text-editor.default\">\n\t\t\t\t<div class=\"elementor-widget-container\">\n\t\t\t\t\t\t\t<p><strong>Dans ce cadre naturel, l&rsquo;inspiration et la r\u00e9flexion artistique\u00a0 ne cessent de d\u00e9velopper\u00a0 et d&rsquo;am\u00e9liorer ses cr\u00e9ations.\u00a0\u00a0\u00a0\u00a0\u00a0\u00a0\u00a0\u00a0\u00a0\u00a0\u00a0\u00a0\u00a0\u00a0\u00a0\u00a0\u00a0\u00a0\u00a0\u00a0\u00a0\u00a0\u00a0\u00a0\u00a0 \u00a0 \u00a0 \u00a0\u00a0 \u00a0\u00a0 L&rsquo; artiste a chang\u00e9 son style color\u00e9\u00a0 et\u00a0 son\u00a0 caract\u00e8re explosif pour un style plus\u00a0 harmonieux avec la nature et la for\u00eat.<\/strong><\/p>\t\t\t\t\t\t<\/div>\n\t\t\t\t<\/div>\n\t\t\t\t\t<\/div>\n\t\t<\/div>\n\t\t\t\t\t\t\t<\/div>\n\t\t<\/section>\n\t\t\t\t<section class=\"elementor-section elementor-top-section elementor-element elementor-element-6a450f0 elementor-section-boxed elementor-section-height-default elementor-section-height-default\" data-id=\"6a450f0\" data-element_type=\"section\">\n\t\t\t\t\t\t<div class=\"elementor-container elementor-column-gap-default\">\n\t\t\t\t\t<div class=\"elementor-column elementor-col-50 elementor-top-column elementor-element elementor-element-fd9c24d\" data-id=\"fd9c24d\" data-element_type=\"column\">\n\t\t\t<div class=\"elementor-widget-wrap elementor-element-populated\">\n\t\t\t\t\t\t\t\t<div class=\"elementor-element elementor-element-fe86f54 elementor-widget elementor-widget-image\" data-id=\"fe86f54\" data-element_type=\"widget\" data-widget_type=\"image.default\">\n\t\t\t\t<div class=\"elementor-widget-container\">\n\t\t\t\t\t\t\t\t\t\t\t\t\t\t\t<img loading=\"lazy\" decoding=\"async\" width=\"768\" height=\"1024\" src=\"https:\/\/artistepeintre.eu\/wp-content\/uploads\/2022\/03\/IMG_1434-768x1024.jpg\" class=\"attachment-large size-large\" alt=\"\" srcset=\"https:\/\/artistepeintre.eu\/wp-content\/uploads\/2022\/03\/IMG_1434-768x1024.jpg 768w, https:\/\/artistepeintre.eu\/wp-content\/uploads\/2022\/03\/IMG_1434-225x300.jpg 225w, https:\/\/artistepeintre.eu\/wp-content\/uploads\/2022\/03\/IMG_1434-1152x1536.jpg 1152w, https:\/\/artistepeintre.eu\/wp-content\/uploads\/2022\/03\/IMG_1434-1536x2048.jpg 1536w, https:\/\/artistepeintre.eu\/wp-content\/uploads\/2022\/03\/IMG_1434-scaled.jpg 1920w\" sizes=\"auto, (max-width: 768px) 100vw, 768px\" \/>\t\t\t\t\t\t\t\t\t\t\t\t\t\t\t<\/div>\n\t\t\t\t<\/div>\n\t\t\t\t\t<\/div>\n\t\t<\/div>\n\t\t\t\t<div class=\"elementor-column elementor-col-50 elementor-top-column elementor-element elementor-element-1001872\" data-id=\"1001872\" data-element_type=\"column\">\n\t\t\t<div class=\"elementor-widget-wrap elementor-element-populated\">\n\t\t\t\t\t\t\t\t<div class=\"elementor-element elementor-element-4bc8666 elementor-widget elementor-widget-image\" data-id=\"4bc8666\" data-element_type=\"widget\" data-widget_type=\"image.default\">\n\t\t\t\t<div class=\"elementor-widget-container\">\n\t\t\t\t\t\t\t\t\t\t\t\t\t\t\t<img loading=\"lazy\" decoding=\"async\" width=\"800\" height=\"600\" src=\"https:\/\/artistepeintre.eu\/wp-content\/uploads\/2022\/03\/IMG_1448-1024x768.jpg\" class=\"attachment-large size-large\" alt=\"\" srcset=\"https:\/\/artistepeintre.eu\/wp-content\/uploads\/2022\/03\/IMG_1448-1024x768.jpg 1024w, https:\/\/artistepeintre.eu\/wp-content\/uploads\/2022\/03\/IMG_1448-300x225.jpg 300w, https:\/\/artistepeintre.eu\/wp-content\/uploads\/2022\/03\/IMG_1448-768x576.jpg 768w, https:\/\/artistepeintre.eu\/wp-content\/uploads\/2022\/03\/IMG_1448-1536x1152.jpg 1536w, https:\/\/artistepeintre.eu\/wp-content\/uploads\/2022\/03\/IMG_1448-2048x1536.jpg 2048w\" sizes=\"auto, (max-width: 800px) 100vw, 800px\" \/>\t\t\t\t\t\t\t\t\t\t\t\t\t\t\t<\/div>\n\t\t\t\t<\/div>\n\t\t\t\t\t<\/div>\n\t\t<\/div>\n\t\t\t\t\t\t\t<\/div>\n\t\t<\/section>\n\t\t\t\t\t\t\t<\/div>\n\t\t","protected":false},"excerpt":{"rendered":"<p>Sam Salahi\u00e9 est n\u00e9 \u00e0 Berne en Suisse. Autodidacte, l&rsquo;artiste vit et travail \u00e0 Mollkirch en Alsace. Son style personnel est tr\u00e8s t\u00f4t influenc\u00e9 par l&rsquo;oeuvre de Van Gogh. Rapidement, la technique au couteau s&rsquo;impose. Mani\u00e9 avec aisance, elle rel\u00e8ve un travail au temp\u00e9rament explosif. L&rsquo;\u00e9paisseur et la puissance de la touche invite le spectateur [&hellip;]<\/p>\n","protected":false},"author":1,"featured_media":0,"parent":0,"menu_order":0,"comment_status":"closed","ping_status":"open","template":"","meta":{"footnotes":""},"class_list":["post-2","page","type-page","status-publish","hentry"],"_links":{"self":[{"href":"https:\/\/artistepeintre.eu\/index.php\/wp-json\/wp\/v2\/pages\/2","targetHints":{"allow":["GET"]}}],"collection":[{"href":"https:\/\/artistepeintre.eu\/index.php\/wp-json\/wp\/v2\/pages"}],"about":[{"href":"https:\/\/artistepeintre.eu\/index.php\/wp-json\/wp\/v2\/types\/page"}],"author":[{"embeddable":true,"href":"https:\/\/artistepeintre.eu\/index.php\/wp-json\/wp\/v2\/users\/1"}],"replies":[{"embeddable":true,"href":"https:\/\/artistepeintre.eu\/index.php\/wp-json\/wp\/v2\/comments?post=2"}],"version-history":[{"count":58,"href":"https:\/\/artistepeintre.eu\/index.php\/wp-json\/wp\/v2\/pages\/2\/revisions"}],"predecessor-version":[{"id":562,"href":"https:\/\/artistepeintre.eu\/index.php\/wp-json\/wp\/v2\/pages\/2\/revisions\/562"}],"wp:attachment":[{"href":"https:\/\/artistepeintre.eu\/index.php\/wp-json\/wp\/v2\/media?parent=2"}],"curies":[{"name":"wp","href":"https:\/\/api.w.org\/{rel}","templated":true}]}}